be
In base 16, what is 28140 + 73?
281b3
In base 11, what is 4 - a367922?
-a367919
In base 8, what is 1566 - 1104257?
-1102471
In base 11, what is 0 - -2a762?
2a762
In base 13, what is -1005b79 - -1?
-1005b78
In base 12, what is a - 119a0b?
-119a01
In base 3, what is -21000122110 - -210?
-21000121200
In base 5, what is -412104344 + -4?
-412104403
In base 7, what is -1051 + -13404424?
-13405505
In base 4, what is -131 + 2011222122?
2011221331
In base 3, what is -1002211121 - -200000?
-1002011121
In base 2, what is 100001000100001 + -10110000011?
11110010011110
In base 14, what is 179c92 + 5?
179c97
In base 4, what is 23231 + -2033323?
-2010032
In base 10, what is 932261 - -6?
932267
In base 11, what is 1124 - 88a?
345
In base 7, what is -66640 + 1612?
-65025
In base 2, what is -11000100001011110 + -110111010010?
-11001011000110000
In base 15, what is -1915 + 3cc?
-1538
In base 11, what is 8a4859 - 48?
8a4811
In base 16, what is -b3 + -17762e?
-1776e1
In base 5, what is 2 + -423243003?
-423243001
In base 4, what is -21223330211 - 2?
-21223330213
In base 10, what is 19619 - 2816?
16803
In base 11, what is 959 + 235a?
3208
In base 16, what is 2424570 - -a?
242457a
In base 8, what is -315 + 11455?
11140
In base 6, what is -2 - 4114425244?
-4114425250
In base 5, what is -1041 - 1421132?
-1422223
In base 5, what is 4 + 124303301032?
124303301041
In base 11, what is -141a77 - 1?
-141a78
In base 11, what is 213 + 5a566?
5a779
In base 5, what is 14301223 - -222?
14302000
In base 2, what is -11100000001000111 + 110000101?
-11011111011000010
In base 7, what is -3334 + 61532?
55165
In base 13, what is -3b6a41 + 44?
-3b69ca
In base 12, what is 243ab3 - 18?
243a97
In base 2, what is -100000000 + -11111110010010000?
-11111110110010000
In base 9, what is -165 + -163158?
-163334
In base 3, what is 112 - -200020011111?
200020012000
In base 11, what is -4 + 40a6aa5?
40a6aa1
In base 5, what is -4203202003 + 4?
-4203201444
In base 5, what is 100 + 112134142?
112134242
In base 15, what is 4c45c9 + -6?
4c45c3
In base 12, what is -6 + -45278?
-45282
In base 6, what is -3241305323 + -2?
-3241305325
In base 10, what is -55 - 1290665?
-1290720
In base 6, what is 3053503255 + 1?
3053503300
In base 5, what is 24 + -113224142344?
-113224142320
In base 11, what is -70 - -311512?
311452
In base 6, what is 110305 - -1322?
112031
In base 6, what is 4040013 - -13?
4040030
In base 11, what is 9806 + -1261?
8555
In base 15, what is -ac8 + -e4e?
-1a27
In base 14, what is 2 + 2577591?
2577593
In base 5, what is -2440341024 + 3?
-2440341021
In base 5, what is -130343241003 - 0?
-130343241003
In base 16, what is -19ac6 + f?
-19ab7
In base 9, what is 166638 + 377?
167126
In base 11, what is 289000a + -3?
2890007
In base 12, what is -5aab016 - -2?
-5aab014
In base 3, what is 111120010002101 - 0?
111120010002101
In base 11, what is -21 - 16527262?
-16527283
In base 4, what is -3 + -3200132010031?
-3200132010100
In base 16, what is -92 - -4908a?
48ff8
In base 6, what is -15205503 + -201?
-15210104
In base 12, what is 2 - 64a6878?
-64a6876
In base 14, what is -205 - 49743a?
-497641
In base 12, what is 458703 + -12?
4586b1
In base 14, what is 2a66087 + -15?
2a66072
In base 4, what is 1121320020 + -3?
1121320011
In base 16, what is 41aa726 - -c?
41aa732
In base 8, what is 24451 - -1620?
26271
In base 13, what is -200 + 72bb?
70bb
In base 14, what is -1 - 10d397c8?
-10d397c9
In base 4, what is -100220111033 - -23?
-100220111010
In base 11, what is -36160 + -5?
-36165
In base 16, what is 16ee - -3e5?
1ad3
In base 10, what is -76 + 368167?
368091
In base 15, what is d013 - -2?
d015
In base 16, what is -636 - 1a4f?
-2085
In base 3, what is -21220201 - -12001221?
-2211210
In base 2, what is 100 - -1000000001110000011?
1000000001110000111
In base 2, what is -11 + 101010001010001001110?
101010001010001001011
In base 5, what is -222141 + 243001?
20310
In base 11, what is 160 + 3307?
3467
In base 15, what is 238d2 + -1e2?
236e0
In base 5, what is 21244 - -211400?
233144
In base 10, what is -524 + 468439?
467915
In base 7, what is 1342 + -52045?
-50403
In base 7, what is 4322 - 54101?
-46446
In base 4, what is 210 - -12020303032?
12020303302
In base 7, what is 116251466 - 2?
116251464
In base 7, what is -3413604323 + -2?
-3413604325
In base 4, what is -1112323 + 30320223?
23201300
In base 16, what is 10 + 1de0?
1df0
In base 14, what is 2 - 5cb3d6?
-5cb3d4
In base 9, what is 75876 + -2077?
73788
In base 11, what is 8800337 - 3?
8800334
In base 8, what is 20505655 + 0?
20505655
In base 8, what is 163611324 + 5?
163611331
In base 8, what is -11 - 405212?
-405223
In base 9, what is 5 - -5257707?
5257713
In base 9, what is 44 - 126306?
-126252
In base 9, what is -117416285 + -3?
-117416288
In base 10, what is -2335677 + -11?
-2335688
In base 15, what is 6a99 + -448?
6651
In base 6, what is 13 + 22513550542?
22513550555
In base 16, what is 3ac + -62ef?
-5f43
In base 10, what is -3 + 2265253?
2265250
In base 5, what is 320431 - 10402?
310024
In base 10, what is -144408 - 5613?
-150021
In base 12, what is -17a25b - 67?
-17a306
In base 16, what is 9 + 127979?
127982
In base 6, what is -105100432 - 15?
-105100451
In base 2, what is -111100011 + -1111001010001010110?
-1111001011000111001
In base 10, what is 288 + -23155?
-22867
In base 6, what is 40113331122 + 5?
40113331131
In base 15, what is -41a + -9d3c?
-a257
In base 5, what is -140143 + -11343?
-202041
In base 6, what is 2211400 - 310?
2211050
In base 5, what is 3 + -3011403320?
-3011403312
In base 13, what is -9447777c - 1?
-94477780
In base 10, what is 612080593 - -5?
612080598
In base 12, what is 28 - 61ba?
-6192
In base 15, what is 5 + -2792c91?
-2792c8b
In base 9, what is 1700 - -8153?
10853
In base 7, what is 461463456 + 3?
461463462
In base 13, what is -68 + -367361?
-3673c9
In base 6, what is -400 + 150244521?
150244121
In base 13, what is 44 - 136bb92?
-136bb4b
In base 8, what is -6742116 - -54?
-6742042
In base 16, what is 12050d - 17?
1204f6
In base 7, what is 5 - -621424322?
621424330
In base 3, what is -1210022020111111 - -11?
-1210022020111100
In base 7, what is -111204341 + -4?
-111204345
In base 14, what is -42a26 + -1a?
-42a42
In base 5, what is 2233 - -3022303?
3030041
In base 10, what is 11 - -137395097?
137395108
In base 4, what is 2203101323 + 33330?
2203201313
In base 4, what is 310331210021 + -220?
310331203201
In base 7, what is 5345 + -600?
4445
In base 6, what is 21520 - -1123434?
1145354
In base 4, what is 130220210230 + 0?
130220210230
In base 4, what is 1 - -1103311213023?
1103311213030
In base 2, what is -10 - 101001010110010100011110001?
-101001010110010100011110011
In base 9, what is 78112 + -2036?
76065
In base 3, what is 201 - 102221020111112?
-102221020110211
In base 11, what is -5 + -98534a05?
-98534a0a
In base 3, what is 11012112 + 1101220?
12121102
In base 12, what is -3 + 74270b7?
74270b4
In base 4, what is -22000230311120 + -10?
-22000230311130
In base 11, what is 325a584 + -12?
325a572
In base 8, what is 63 + -447410?
-447325
In base 11, what is -36 - 23017a5?
-2301830
In base 11, what is -1379039a + -1?
-137903a0
In base 11, what is 353099a4 + -6?
35309999
In base 11, what is 2 - 1121208?
-1121206
In base 6, what is -120252341110 + 0?
-120252341110
In base 14, what is -d983206 + 1?
-d983205
In base 14, what is 17 + -987c2?
-987a9
In base 4, what is 12120233202 - 32?
12120233110
In base 14, what is 11 + -33237?
-33226
In base 10, what is -197568284 + 3?
-197568281
In base 13, what is 3c + -c2485b?
-c2481c
In base 9, what is 13080 - 6667?
5312
In base 12, what is -2b93 + 2270?
-923
In base 12, what is 232b + 449b?
680a
In base 7, what is -1566 + -2111355?
-2113254
In base 2, what is 11010001000100000111 + 11?
11010001000100001010
In base 3, what is -10201211220102120 - -12?
-10201211220102101
In base 13, what is 46 - -636522?
636568
In base 16, what is -8692 + -153?
-87e5
In base 16, what is d05 + 14f3?
21f8
In base 7, what is -232224321 - 2?
-232224323
In base 14, what is 1049b88 - 14?
1049b74
In base 13, what is 148 - 2bc0?
-2a75
In base 12, what is 1287501 - 7?
12874b6
In base 11, what is -4859757 + 5?
-4859752
In base 11, what is -16 + 1a57807?
1a577a1
In base 4, what is -2 - -2233002330303?
2233002330301
In